73 - 24 = d. Let w = 72 - d. List the prime factors of w.
13
Let h(z) = -6*z - 21. Let x be h(-17). Let d = x - 37. List the prime factors of d.
2, 11
Let l(s) = -s**3 - s - 8*s**2 - 5 - 7 + 0. Let a be l(-8). Let i(q) = 5*q**2 + 4*q - 5. List the prime factors of i(a).
59
Let o(k) be the second derivative of k**3/6 + 2*k**2 + k. Let c be o(0). Suppose c*i + 3*w = 42, -4*i - 2*w + 38 = -w. What are the prime factors of i?
3
List the prime factors of (4 - 1531)*26/(-13).
2, 3, 509
What are the prime factors of 1958*(-6)/(-6) + 2 - 1?
3, 653
Suppose -4367 = -46*n + 35*n. List the prime factors of n.
397
Let o = -1 + 29. Let n be (-3)/3 + (3 - o). Let w = n - -40. List the prime factors of w.
2, 7
Suppose -22*h - 10387 = -35*h. What are the prime factors of h?
17, 47
Let q(d) = -2*d + 13. Let r be q(0). Suppose -4*c + 13 = 2*l - 1, 2*c - l - r = 0. List the prime factors of (86/c)/(4/10).
43
Suppose 0 = -82*d + 86*d - 7884. List the prime factors of d.
3, 73
Suppose -1141 = -3*r + 5*p - 337, 0 = 4*r + 2*p - 1072. Let q = r + -114. List the prime factors of q.
2, 7, 11
Let c(o) = -13*o + 54. What are the prime factors of c(-17)?
5, 11
Let d be 68/85*1510/(-4). Let y = -195 - d. List the prime factors of y.
107
List the prime factors of (-3)/(-39) - 391236/(-156).
2, 3, 11, 19
Suppose -4*b + 33 - 9 = 0. Let r be 4 + b*4/(-6). Suppose 25 = 5*m, r*g = -5*g - m + 95. What are the prime factors of g?
2, 3
Let k = 602 + -258. List the prime factors of k.
2, 43
Suppose 2 = -k - y, 3*k - 3*y - 26 = 2*y. Let u(m) = 12*m + 6. Let t be u(1). Suppose -t = k*n - 122. What are the prime factors of n?
2, 13
Suppose -4*p - 397 = 3*z - 6*z, -2*p + 3*z = 197. Let i = p - -221. What are the prime factors of i?
11
Let u be (3/(-1))/((-6 + 5)/1). Suppose -4*f = p - 94, 0 = -4*p + u*f - 0*f + 414. List the prime factors of p.
2, 3, 17
Suppose -186 = -w - w. Let q = 307 + -165. Let b = q - w. What are the prime factors of b?
7
Let f(o) = -11*o - 6. Let d(l) = -23*l - 11. Let q(y) = -2*d(y) + 5*f(y). List the prime factors of q(-8).
2
Let h = -340 + 433. List the prime factors of h.
3, 31
Let l be (-2 - 0) + 0 + -3 + 479. Let u = l + -297. What are the prime factors of u?
3, 59
Let b = 195 - -43. Suppose -10*i + b + 82 = 0. List the prime factors of i.
2
List the prime factors of (-4 - -315)/(4*(-4)/(-32)).
2, 311
Suppose -2*u + 13 = -11. Let o(t) = 10*t**2 + 13*t + 9. Let a(x) = -x**3 + x**2 - 1. Let k(g) = a(g) + o(g). What are the prime factors of k(u)?
2, 5
Let w(t) = t**3 - 10*t**2 - 2*t - 7. Let u be w(10). Let a = 39 + u. Let f = a - -1. What are the prime factors of f?
13
Suppose 2*q = -9 + 13. Suppose -q*l - 42 = l. Let b = l + 28. List the prime factors of b.
2, 7
Let k be (-5)/(-2*(-3)/3192). Let n = k + 7085. What are the prime factors of n/105 + 2/(-14)?
2, 3, 7
Suppose 0 = 41*w - 12*w - 4524. What are the prime factors of w?
2, 3, 13
List the prime factors of (-51 - -50)/(1/(-373)).
373
Let a(l) be the second derivative of l**4/3 + l**2 + 7*l. Let p(x) = -x - 1. Let s be p(-3). List the prime factors of a(s).
2, 3
Let z(h) = 12*h - 35. Let t be z(14). Let w = -74 + t. List the prime factors of w.
59
What are the prime factors of (4120/(-60))/(6/(-63))?
7, 103
Let x be (517/(-22))/(2/4). Let s = -37 - x. What are the prime factors of s?
2, 5
Suppose -3*m + 902 = -484. What are the prime factors of m?
2, 3, 7, 11
Suppose -4*c + 3*a = -223 - 216, 0 = 2*c + 4*a - 192. What are the prime factors of c?
2, 53
Let y(l) = -l**2 - 6*l + 6. Let b be y(-6). What are the prime factors of b/12*(-1 + 135)?
67
Let p = -486 + 1149. What are the prime factors of p?
3, 13, 17
Let x(w) = -13*w - 12. Let r(c) = 9*c + 8. Let i(d) = 8*r(d) + 5*x(d). What are the prime factors of i(4)?
2
Let d(z) = 2*z**3 + 46*z**2 - 3*z - 14. Let m be d(-23). Let p = 50 + m. What are the prime factors of p?
3, 5, 7
Let b be (-2)/(-9) - (-450)/162. Suppose -2*a = -b*a + 99. Let d = -61 + a. List the prime factors of d.
2, 19
Let n = -43 - -45. Suppose -8 = n*w + 4*t, 5*w = t - 0*t + 24. What are the prime factors of w?
2
Let i(o) = -99*o + 15. What are the prime factors of i(-2)?
3, 71
Let a(m) = 3*m + 1. Let t(n) = 3*n + 2. Let g(v) = -7*a(v) + 5*t(v). Suppose -4*q = 2*y - 8, -5*q = 3*y - 3*q + 8. What are the prime factors of g(y)?
3, 13
Let t = -8 + 764. What are the prime factors of t?
2, 3, 7
Suppose -d = 5*s - 1192, -3*d - s + 2*s = -3656. What are the prime factors of d?
1217
Let k(f) = 9*f - 4. Suppose 2*j + v = 5, 4*j - 5*v - 23 = 2*j. Suppose 3*s + 5 = j*s. What are the prime factors of k(s)?
41
Let z = 44 - -694. What are the prime factors of z?
2, 3, 41
Suppose 4*b = 6*b - 4. Suppose -7 = -3*a + b. List the prime factors of a.
3
Let p(b) = -9*b**2 - 15*b - 10. Let l be p(-6). Let k be (-2)/7 - l/(-28). Let z = 62 + k. List the prime factors of z.
53
Suppose -255*g + 239*g + 76304 = 0. List the prime factors of g.
19, 251
Suppose 0 = -14*p + 3*p + 8184. Suppose b - 151 = 4*m, 5*m + 56 = 5*b - p. List the prime factors of b.
163
Let l(u) = 3*u**2 - 42*u - 154. List the prime factors of l(33).
11, 157
Let r(j) = j - 4*j - j + 1 + 0. Let z be r(-1). Suppose 15 = z*s - 25. List the prime factors of s.
2
Let h = 38 - 28. List the prime factors of 18/h*(-60)/(-4).
3
Suppose 21 = 5*a - r, -5*r - 10 = -5. Suppose -3*c - 15 = 0, 96 = j - 0*c + a*c. List the prime factors of j.
2, 29
Suppose 2*u - 1520 = -60. List the prime factors of u.
2, 5, 73
Suppose 0 = g - 3*q + 6*q - 61, 4*g - 223 = -5*q. Let b(f) = -59 + g + 3*f - 2*f. List the prime factors of b(19).
2, 3
Suppose -l - 69 = 2*i - 0*l, 0 = -4*l + 20. Let c = i + 108. What are the prime factors of c?
71
Suppose 27*s - 30*s + 1380 = 0. Suppose 5*x + 0*x = s. List the prime factors of x.
2, 23
Let s(x) = -3*x**2 - 24*x + 31. Let t(l) = -2*l**2 - 12*l + 16. Let m(h) = 3*s(h) - 5*t(h). Let o be m(11). What are the prime factors of (-35)/((-1 - 2) + o)?
5, 7
Suppose 142*y + 35910 = 163*y. List the prime factors of y.
2, 3, 5, 19
Let p(z) = 138*z + 114. List the prime factors of p(5).
2, 3, 67
Let k be 2/5*(-15)/(-3). What are the prime factors of (-187)/(-3) + k/(-6)?
2, 31
List the prime factors of (-2*21/14)/((-3)/2773).
47, 59
Let n = 88 + 79. Let b = n - 79. What are the prime factors of b?
2, 11
Let f = 99 + -228. Let p = -75 - f. What are the prime factors of p?
2, 3
List the prime factors of (8/6)/(((-49)/(-15183))/7).
2, 3, 241
Let d = 20 + -8. Suppose a = -2*a + d. Suppose -2*y + 0*y = -3*j + 41, -52 = -a*j + 4*y. What are the prime factors of j?
3, 5
Let j be (-1)/(-2) + (730/(-4))/(-5). Let m = j - 7. List the prime factors of m.
2, 3, 5
Suppose 0 = -3*i + 6*i - 9. Suppose 2*w = -y - i*w + 52, -4*w = -y + 25. List the prime factors of y.
37
Suppose -20*k + 23*k - u + 66 = 0, 2*u + 110 = -5*k. Let m be 20*(-2)/(-6)*6. Let h = k + m. List the prime factors of h.
2, 3
Let i = 31 - 27. Suppose 9*x - i*x - 940 = 0. What are the prime factors of (-20)/15 - x/(-6)?
2, 3, 5
Let w(m) = m**3 - 16*m**2 + 15*m + 7. Let r be w(15). Let j = 138 + r. What are the prime factors of j?
5, 29
Let q = 1197 + -1039. List the prime factors of q.
2, 79
Suppose 0 = w + 4*d - 719, -456 = -w + 5*d + 281. List the prime factors of w.
727
Let q(f) = 5*f + 44. Let j be q(-7). Suppose -1203 - 138 = -j*d. What are the prime factors of d?
149
Let f(p) = -6*p**3 + 7*p**2 + 16*p - 4. Let y(a) = -4*a**3 + 5*a**2 + 11*a - 3. Let k(x) = -5*f(x) + 7*y(x). What are the prime factors of k(2)?
3
Let h = -3 - -6. Let i = -88 - -106. Suppose -h + i = 5*l. List the prime factors of l.
3
Let j = 71 + -68. List the prime factors of j + 119 + 5 + 0 + 2.
3, 43
Suppose 4*j - 68 - 192 = 0. Suppose f = j + 97. List the prime factors of f.
2, 3
Suppose -3*g - 29 = 13. Let d = -12 - g. Suppose 3*b + 4*o - 19 = 0, -5*b - d*o + 6*o + 21 = 0. What are the prime factors of b?
5
Let u(o) = -o**3 + 7*o**2 + 18*o + 19. List the prime factors of u(9).
19
Let m(b) = 2*b - 19. Let q(z) = z - 20. Let f(x) = 4*m(x) - 3*q(x). List the prime factors of f(9).
29
Suppose 39*h + 418 = 40*h. List the prime factors of h.
2, 11, 19
Let h = 26 + -19. Let q = -7 + h. Suppose i + i - 52 = q. List the prime factors of i.
2, 13
Suppose -5*c = 3*k - 21, 2*c + 1 = -4*k + 5*c. What are the prime factors of (-